ppose m*a - 5*a = -48. What is the greatest common divisor of 2 and a?
2
Let i(t) be the third derivative of -7*t**4/8 + t**3/6 - 6*t**2. Let w be i(-4). Let s = 78 + -61. Calculate the highest common divisor of w and s.
17
Let s(h) = 6*h**2 - 9*h + 33. Let c be s(3). Let j = -4 + 6. Suppose 0 = j*k - 3*x - 33, -3*k - k = 5*x - 33. Calculate the greatest common divisor of c and k.
12
Let b = 302 - 259. Calculate the highest common factor of 387 and b.
43
Suppose 4*n + x - 13 = 0, -3*n + 4 + 7 = x. Let y(a) = -9 + a + 3 + 4 + 1. Let h be y(n). Calculate the greatest common factor of 4 and h.
1
Let w(l) = 2*l**3 - 2*l**2 - 15*l + 33. Let b be w(3). What is the highest common divisor of 2280 and b?
24
Suppose 0*d = -24*d + 96. What is the highest common divisor of d and 76?
4
Let s = -33 - -83. Suppose 2*m - 20 = 4*m. Let q = 20 + m. What is the greatest common divisor of q and s?
10
Let z(u) = -u**2 + 11*u - 24. Let i be z(12). Let w be (-1213)/(-9) - 8/i. Calculate the highest common divisor of 54 and w.
27
Let j = -1728 + 1740. What is the highest common divisor of j and 444?
12
Let y = 24 + -24. Suppose y = -4*q - 2*i + 8, 0*i = -2*i - 4. Calculate the greatest common factor of 6 and q.
3
Let w(u) = -u**2 - 3*u - 2. Let t be w(-4). Let o be ((-249)/t)/((-5)/20). Let y be o/(-18) - 6/27. What is the greatest common divisor of 63 and y?
9
Let q(v) = -v**3 + v**2 - 9*v - 76. Let m be q(-5). What is the greatest common divisor of 34 and m?
17
Let v be 36/2*1/2. Let g be (-6)/v + 15/9. Let a be (-10)/g*(-81)/18. What is the greatest common divisor of a and 15?
15
Suppose i + 4 = 5*i. Let z(o) = 6*o + 139. Let v be z(-22). What is the greatest common divisor of i and v?
1
Suppose 0 = -4*u + 23 + 57. Let v = -4 + u. Calculate the greatest common divisor of v and 2.
2
Let c = 58 - 52. Let b be (-20)/c*162/(-12). Calculate the greatest common factor of 30 and b.
15
Suppose w = 5*n - 6, 2*w + 0*w + n + 12 = 0. Let m = w + 10. Let z be (-1 + (1 - -2))*m. Calculate the greatest common divisor of z and 24.
8
Suppose 2*o = 5*o + 39. Let d = o - -35. Calculate the greatest common divisor of d and 11.
11
Suppose -3*f + 4 = -8. Let i = 55 - 49. Let x = f + i. What is the greatest common divisor of x and 4?
2
Let j = 418 + -388. Calculate the greatest common divisor of j and 1260.
30
Suppose -32*w + 37*w = 300. What is the highest common factor of 27 and w?
3
Let m = -35 + 39. Let j be (23/m)/1*(21 + -1). What is the greatest common factor of j and 23?
23
Suppose 3*l - 3*h = -4*h + 49, 4*h - 70 = -5*l. Let j = 437 + -239. What is the greatest common divisor of l and j?
18
Suppose 2*r - 15*a = -20*a + 6, 6 = 2*r + 3*a. What is the highest common divisor of 3 and r?
3
Suppose 17*w - 11655 = 8575. Calculate the highest common divisor of 70 and w.
70
Let h(x) = -x**2 - 21*x - 30. Let v be h(-15). What is the highest common factor of 48 and v?
12
Let h(n) = n**3 - 2*n**2 + 42. Let m be h(0). Let d = m - 32. Suppose 0 = b - 5. What is the highest common factor of b and d?
5
Suppose 4*j - j = 9. Let c be 1*2/(1 - j) - -31. Let k(z) = -z**3 + 8*z**2. Let u be k(5). Calculate the greatest common factor of u and c.
15
Suppose 0 = -3*w + 3, 5*d + 0*d - 14 = w. Calculate the highest common factor of d and 345.
3
Let f be (-10 - 0)/((-1)/3). Suppose 6 = 3*c - f. Calculate the greatest common factor of c and 8.
4
Let m = -788 + 1364. Suppose -3*g = -6*g + m. Suppose -8*q - g = -12*q. What is the highest common factor of 32 and q?
16
Let y = 576 + -279. What is the greatest common factor of 495 and y?
99
Let x be (-30)/(78/(-12) + 6). What is the greatest common divisor of x and 12?
12
Let h(n) = -n**3 - 10*n**2 - 16*n + 6. Let v be h(-8). Suppose 3*w + u = 31, -u = w - v - 3. Calculate the highest common divisor of 33 and w.
11
Let o(g) = g**2 + 13*g - 74. Let a be o(-21). What is the highest common divisor of 235 and a?
47
Suppose 4*h + n - 542 = 128, 2*n = -4. Suppose -j + h = j. Let x(d) = 12*d. Let c be x(1). Calculate the highest common divisor of c and j.
12
Let l(k) = -k**3 + 26*k**2 - k + 41. Let f be l(26). Calculate the highest common factor of 120 and f.
15
Let o be -1*((-4 - -3) + -1). Suppose -o*w + 36 = 4*l, 0 = -0*l + l + 3. Calculate the greatest common divisor of 16 and w.
8
Let q(a) = -a**3 - 17*a**2 + 33*a - 24. Let j be q(-20). Calculate the greatest common factor of 12 and j.
12
Suppose -v + 28 = -5*q, -4*v - 3*q - 3 + 0 = 0. Suppose 52 - 19 = -v*o. Let d = -6 - o. What is the highest common factor of d and 1?
1
Let i = 171 - 61. Let a be i/9 - (-4)/(-18). Let q(v) = 2*v**2 - v - 303. Let p be q(15). What is the highest common factor of a and p?
12
Let r(w) = w**2 + 13*w - 6. Let g be r(-15). Suppose k = -3*k. Suppose 12 = -k*l + 4*l. What is the highest common factor of l and g?
3
Let k be (6/(-1))/(1/(-228)). What is the highest common divisor of k and 72?
72
Suppose -6*z + 55*z = 9*z + 520. Suppose -271 = -4*o + 93. Calculate the highest common factor of z and o.
13
Let d be ((-4)/(-12))/((-15)/(-19530)). What is the highest common factor of d and 70?
14
Let q(y) = 3*y**3 + 23*y**2 - 49*y + 6. Let s be q(-9). What is the greatest common factor of 164 and s?
41
Let f = 4319 - 2579. Calculate the highest common divisor of 15 and f.
15
Let u = -17 - -27. Suppose -u*d - 39 = -13*d. Suppose k = 38 - d. What is the highest common factor of 275 and k?
25
Let z be (-21)/((-126)/(-8)) - (-2888)/6. What is the highest common factor of z and 30?
30
Suppose -68*m + 63*m + 11 = 2*h, -4*h = m + 5. What is the greatest common divisor of 93 and m?
3
Suppose -c + 2 = w, c + 11 = 4*w + 4*c. Suppose -o + 17 = -r, -4*r + 2 = o - w. What is the highest common divisor of 45 and o?
15
Let j be (-16)/((-88)/(-32) + -3). What is the greatest common divisor of 128 and j?
64
Suppose -t = -3*h - 9, -8 + 1 = -t + 4*h. Let l be 18/(3 - 5) + 69. Calculate the highest common divisor of t and l.
15
Let l(w) = -29*w**3 + 4*w**2 - 15*w - 36. Let s be l(-2). What is the highest common factor of s and 22?
22
Suppose 25 = i - 5*y, 4*i + 2*y - 5*y - 66 = 0. What is the greatest common factor of i and 12?
3
Suppose 6*v + 64 = 8*v. Suppose 8*o - 6*o = 0. Suppose 2*s + o*r = -2*r + 150, -3*s + r = -245. What is the greatest common divisor of s and v?
16
Suppose 0 = a - 0 - 6. Let c be (a - 2) + 0 - -1. Let b(z) = z**3 + 7*z**2 - 4*z - 5. Let d be b(-6). What is the greatest common factor of d and c?
5
Suppose 4*k - 172 = -2*g, -k - 4*g + 209 = 4*k. Suppose -6*m + 11*m = k. Let o be (-3 - (4 - 6)) + m. Calculate the highest common divisor of 20 and o.
4
Let u(a) = 2*a - 2. Let b be u(2). Let q be b + -2 + 22 - 0. Let h = 169 - 167. Calculate the highest common divisor of q and h.
2
Let m be 7*(-14)/8*(-5 - -1). Let r = m - 25. Calculate the highest common factor of 36 and r.
12
Suppose -9*n = -5*n - 112. Let y = -27 + n. Let v = y - -8. What is the highest common divisor of v and 45?
9
Let s(g) = 4*g**2 - 2*g + 3. Let a be s(1). Suppose -a*n - 44 = -16*n. Calculate the highest common divisor of n and 44.
4
Suppose 0*g = 3*g + 5*r - 44, -3*r = g - 12. Calculate the greatest common divisor of 63 and g.
9
Let a(o) = -o**3 + 6*o**2 + 4*o + 7. Let v be a(6). Suppose 6528 = 89*i + 1010. Calculate the greatest common factor of i and v.
31
Suppose 0 = 4*r - 5*g + 57, 2*r + 51 = -r + g. Let c = 19 + r. What is the greatest common divisor of 3 and c?
1
Suppose 0 = -v - 4*s + 3*s + 203, v - 203 = 3*s. Let o be (-30)/4*(-136)/170. Let p be (-58)/(o + -3 + -5). What is the greatest common factor of p and v?
29
Suppose -3 = t - 0*t. Let v be 12/(-4) + 7*t. Let i = v - -44. What is the highest common divisor of i and 4?
4
Let c(y) = -y**3 - 8*y**2 - 3*y - 5. Let m be (14/21)/(2/(-21)). Let a be c(m). Let h be 4/22 - 3954/a. Calculate the highest common divisor of 48 and h.
24
Let n(z) = -z**2 + 36. Let c be n(0). Let o = -18054 + 18066. What is the highest common divisor of c and o?
12
Suppose 14*d + 163 = 555. What is the greatest common divisor of 196 and d?
28
Suppose -4*r + 106 + 227 = 5*g, 411 = 5*r + g. What is the greatest common factor of r and 4?
2
Let u = -152 - -154. Calculate the highest common factor of 23 and u.
1
Let r(q) = 7*q**2. Let o be r(-1). Let y(a) = 139*a - 21. Let d be y(-3). L